te?
False
Let x = 34 - -1. Is x prime?
False
Suppose 0*j - 4*j + 4776 = -4*y, -3*j + 2*y + 3581 = 0. Is j a composite number?
False
Suppose -2*f + 1028 = -0*f. Is f a composite number?
True
Let g = -4 + 4. Let l be (g/(-1))/1 - -2. Suppose 0 = -3*o + 2*y + y + 165, 0 = -l*o - 2*y + 110. Is o prime?
False
Let w(m) = 13*m**2 + 3*m - 3. Is w(2) a prime number?
False
Let j = -75 - -161. Let m = 1 + 3. Suppose r + j = k + 4*r, -m*k = -4*r - 360. Is k composite?
False
Suppose 0 = -y + 3*x + 1792, -6*x + 7195 = 4*y - 9*x. Is y a composite number?
False
Let n be 6/5*(-5)/(-2). Let f(l) = 34*l + 4. Is f(n) a prime number?
False
Let k(o) be the second derivative of 5*o**3 + 11*o**2/2 + 9*o. Is k(5) composite?
True
Let w(f) = 9*f**2 - f + 1. Let m be ((-2)/(-4))/(3/(-18)). Is w(m) a composite number?
True
Suppose 2*w = 4*q - 1272, q - 4*q = -2*w - 953. Is q a prime number?
False
Let q = 43 + -4. Suppose 5*x - q = 2*x. Is x prime?
True
Let x(p) = 9*p + 14. Is x(15) a prime number?
True
Suppose 4*u - 96 = -5*j, 3*u - 3*j = -u + 64. Let s(f) = -u + 19 - 11*f. Is s(-5) prime?
False
Let n(g) = 211*g - 2. Let i = -6 - -7. Is n(i) composite?
True
Is (-3)/(-9)*3846*4/8 a prime number?
True
Let h = 27 - 23. Suppose -w - 1 = 0, -5*g + h*w - w = -1018. Is g composite?
True
Let w = -489 - -698. Is w a prime number?
False
Suppose -5*b + 3 = 4*p, 2*b + 16 = 5*p + 4. Let o(s) = -4*s + 7 - p - s. Is o(-6) prime?
False
Let g(d) = -161*d - 11. Is g(-8) a prime number?
True
Suppose -127 + 17 = -2*w. Is w a prime number?
False
Let f = -7 - -14. Suppose 0*g + 5*r = -2*g + f, -5*g = 5*r - 25. Is g a prime number?
False
Let j = 86 - 9. Is j a prime number?
False
Let h be ((-6)/8)/((-2)/(-256)). Let s = 149 + h. Is s prime?
True
Let u(n) = -2*n + 6. Let q be u(6). Let t(z) = -2*z**3 - 7*z**2 - 8*z - 9. Let x be t(q). Suppose 4*r - x = 137. Is r a prime number?
True
Let f(h) = h**3 - 9*h**2 - 2*h - 11. Suppose y = 5*o - 5, 0*o = 4*y + 3*o - 49. Is f(y) a composite number?
True
Let w(p) = p**3 + 5*p**2 + 4. Let o be w(-5). Suppose -a = -2*a + q + 4, 9 = 3*a - 2*q. Suppose -o*x = -7 - a. Is x composite?
False
Let b = 13 - -20. Is b prime?
False
Suppose -5*u + 439 = 4*v, -6 = -5*u + 2*v + 427. Let z = u + -8. Is z a prime number?
True
Let b = 270 - 147. Is b a prime number?
False
Suppose -3418 = -24*q + 22*q. Is q composite?
False
Suppose 2*p + y = -2*p + 221, -2*p = -3*y - 107. Is p prime?
False
Suppose 5*o - 2*r + 97 = 611, 0 = 3*o + 3*r - 321. Suppose 4 + 21 = 5*a, 0 = 5*s + 5*a + 325. Let l = o + s. Is l prime?
False
Is (3731/26)/((-1)/(-2)) a prime number?
False
Let g = -17 - -6. Let o = g + 7. Is (o + 19)/(6/4) a composite number?
True
Let w = -407 - -664. Is w a composite number?
False
Suppose -5*r - 5*f + 1100 = 0, 5*r + 0*r - f - 1106 = 0. Is r a prime number?
False
Let k be (-129)/(-27) + 2/9. Suppose -k = i - 6*i. Suppose 94 = 5*b - i. Is b a prime number?
True
Let w = -16 + 20. Suppose 4*q - 449 = -2*g + 45, -w*g = -3*q - 999. Is g composite?
True
Let p = 7 - 11. Let b be ((-8)/p)/((-2)/13). Let t = 44 + b. Is t a composite number?
False
Let r(j) = 3*j**3 - 5*j**3 + 13*j**2 + j**3 + 0*j**3 + 11 + 17*j. Is r(14) prime?
True
Suppose -5*x + 34 = 3*r, 4*x + 5 - 10 = 5*r. Let k be (-6)/(-4)*4/3. Suppose -k*o - g = r*g - 12, 3*o - g - 32 = 0. Is o a composite number?
True
Let r(m) = 219*m**2 + 2. Let q be r(2). Suppose 6*p - 1636 = q. Is p prime?
True
Let l = -5 - -24. Suppose -4*f - 3*y - 44 + 165 = 0, 3*y = -f + l. Is f a prime number?
False
Let k = 423 + -302. Suppose 91 + 35 = 3*d. Let t = d + k. Is t a prime number?
True
Let h(m) = m**3 + 3*m**2 - 2. Let v be h(-2). Suppose 9 = 3*c + 3, -12 = -n - v*c. Suppose -n = -2*y - 0, -y + 27 = z. Is z a prime number?
True
Let h = -74 + 323. Suppose 4*m = m + h. Is m a prime number?
True
Let a(t) = t**2 + 8*t + 9. Let x be a(-7). Let p be ((-42)/35)/(x/(-5)). Suppose r - 214 + 24 = -2*m, -3*m - p*r = -291. Is m a composite number?
True
Let y be (-2)/(-6) - 40/12. Let w = 7 - y. Is w a prime number?
False
Let y = -4 + 9. Suppose y*k - 362 = -97. Is k a composite number?
False
Let f = 5 + -2. Suppose -f*l = l - 88. Is l composite?
True
Let z(u) = 3*u**3 + u**2 - 1. Let r be z(1). Suppose -a + r*p = -p - 15, 2*a - 50 = 4*p. Is a composite?
True
Let p be ((-1)/2)/((-5)/50). Suppose -3*t - p = 2*k + 2, k - 19 = 3*t. Suppose y - k*v - 27 = 0, 0*y = -3*y - 3*v + 6. Is y a composite number?
False
Let x(h) = h**2 + h - 1. Let o(s) = -7*s**2 - 4*s + 3. Let g(c) = o(c) + 4*x(c). Let n be g(1). Is ((-254)/n)/((-1)/(-2)) a prime number?
True
Suppose -50 = -s + n, -2*s - n + 142 = 30. Let d(x) = -s*x - 249*x + 80*x. Is d(-1) a composite number?
False
Let x = -230 + 375. Is x a prime number?
False
Let x = -107 + 56. Let y = -12 + -6. Let p = y - x. Is p a composite number?
True
Suppose -1045 - 711 = -4*m. Is m a composite number?
False
Let j be -38*(-3)/24*76. Suppose 3*x + 4*f - j = 0, 7*f - 615 = -5*x + 3*f. Is x a composite number?
False
Suppose -5*y - b + 811 = b, -2*b = -5*y + 819. Is y a composite number?
False
Let m(t) = -t**3 + 7*t**2 + t - 2. Let d be m(7). Suppose -25 = -d*p - 10. Suppose -p*b = -0*v + 2*v - 71, 3*v - 12 = 0. Is b composite?
True
Let c be ((-3)/4)/((-5)/20). Is ((3 - 5) + c)*223 prime?
True
Let m be (-6)/4*(-2)/(-3). Let g be (-4 - -4)/(1*2). Is (g + m)/((-5)/335) a prime number?
True
Let g be (4/(-10))/(5/450). Let m = 61 + g. Is m a prime number?
False
Suppose 0 = 2*o - 0*o - 128. Let n = 5 + o. Is n prime?
False
Let b(c) = 0 + 6*c**2 + 2 + 3 - c**3. Let t be b(6). Suppose 24 = 3*x - 3*a - 18, 0 = t*x - 2*a - 55. Is x a prime number?
False
Let z(g) = g**2 - g + 3. Suppose 3*y = 5*y. Let w be z(y). Suppose 76 = -w*f + 7*f. Is f a composite number?
False
Let h(w) = 15*w + 16. Let u be h(-10). Let i be 2/4*2 + -68. Let g = i - u. Is g a composite number?
False
Let j(p) = 27*p**2 - 3*p + 25. Is j(5) prime?
False
Suppose 5*i - 3385 = -0*i. Is i a prime number?
True
Suppose 163 = a + 4*m, 4*a + m - 434 = a. Is a a composite number?
True
Let j(c) = c**2. Let y(s) = 8*s**2 - 3*s - 1. Let b(o) = -4*j(o) + y(o). Let g be b(6). Suppose 0 = 3*l - g - 82. Is l a composite number?
True
Suppose 594 + 74 = 4*t. Is t a composite number?
False
Suppose i - 6*i = -30. Let b = -7 + 3. Is b/i - (-934)/6 composite?
True
Suppose 0*b + 12 = b. Is (-3)/2*(-176)/b composite?
True
Suppose 0 = 3*i - 674 - 529. Is i a prime number?
True
Let q = -76 - -127. Is q prime?
False
Suppose -442 = -14*h + 1336. Is h composite?
False
Let s(v) be the second derivative of -v**5/20 - v**4/4 - 2*v**3/3 - 5*v**2/2 + 4*v. Is s(-5) composite?
True
Let f(i) = -i**3 + 5*i**2 - i + 1. Let a = -5 - -9. Is f(a) a prime number?
True
Let f be (2/(-4))/(3/36). Let a be 40/18 + f/27. Suppose a*g + 3*g = 35. Is g a prime number?
True
Let h be -3 + 3 - 104/2. Let p = 13 - h. Is p a composite number?
True
Suppose -4*c = c - 10. Suppose -3*j + 381 = -c*x, 4*j = -0*x + 4*x + 508. Is j prime?
True
Let u(l) = 16*l**2 + 4*l + 2. Let x be u(-3). Let j = -81 + x. Is j prime?
True
Suppose 5*a - 2*p - 306 = 361, 0 = 5*a + 4*p - 691. Suppose -4*m = -8, 5*x - 5*m - a - 2330 = 0. Suppose -5*q - i = i - x, -2*q = 2*i - 204. Is q prime?
True
Suppose -4*l + 281 = l - a, 0 = 3*l + a - 167. Let r = l - 34. Is r prime?
False
Suppose -5*t + 30 = 5, -t - 1103 = 4*h. Let z = h - -426. Is z a prime number?
True
Let n(d) = d**3 + 5*d**2 + 1. Let j be n(-5). Let m(p) = 145*p**2 + 2*p - 1. Is m(j) a composite number?
True
Suppose -2*s + 4302 = 4*s. Is s a composite number?
True
Let c(m) = -m**3 - 11*m**2 - 24*m + 21. Is c(-13) a composite number?
True
Let r be 10*(-1)/(-2 - -1). Suppose -r*w + 8*w + 254 = 0. Is w composite?
False
Let v be 44/(0 - 2/(-2)). Let d = v + -7. Is d a composite number?
False
Let f be (-1)/1 - 3/(-1). Suppose -f*i + 0*i + l = -16, 4*l + 22 = 2*i. Suppose i*h - 2*h = 110. Is h composite?
True
Let j be 3 - (1 + 0 + -1). Suppose 2*s = 3*s - j, -4*a + s - 11 = 0. Is 1/(-2) - 107/a composite?
False
Suppose 0 = -5*s + 117 - 27. Is ((-60)/s)/(4/(-42)) a composite number?
True
Suppose w - 276 = -5*w. Is w prime?
False
Let a(x) = 432*x. Let n be a(1). Let q = n + -219. Is q prime?
False
Let x = 14921 + -5388. Is x a composite number?
False
Let m = 71 + 516. Is m composite?
Fals